(8 + 1) - -21).
66
What is the value of -64 + 52 + -28 + -5 - -27?
-18
Evaluate -2 + 23 + 12 + 19 + -52.
0
Calculate -73 + 123 + -32 - (-6 + 3).
21
What is the value of (-16 - (31 + -71) - 37) + 82?
69
(6 - 0 - 1) + (8 - (21 + -11) - -76)
79
What is (81 - 0) + (3486 - 3641) - ((-10 - 1) + -1)?
-62
32 - 1 - ((262 - 291) + -50)
110
Evaluate (-13 - (105 - -6)) + 74.
-50
What is 23 - (10 - (-9 - (-14 + 13))) - 78?
-73
Calculate 46 + (-31 - 23) + 2.
-6
Calculate 39 + 1 - ((-2 - 2) + (-15 - (14 + -30))).
43
What is 38 + 28 + -21 - (5 - (3 + 2))?
45
What is (20 - 0) + (224 - 245) - 12?
-13
What is the value of 4 + 1 + -20 + -16 + 46 + -38?
-23
What is 60 + (-1 + (-3 - -9) - (-875 - -897))?
43
7 - -5 - (-15 - (19 - (-9 - -9)))
46
Evaluate 827 - 850 - (-28 - 5).
10
What is -10 + -1 - ((46 - 10 - -3) + -5)?
-45
What is 0 - (-6 - (-6 + -1) - -22)?
-23
What is (14 - 35) + -56 + ((0 - -3) + 5 - -3)?
-66
Calculate -106 - (-4 + -10 + 8) - (-14 - (-1 + -7)).
-94
What is the value of (-83 - (68 - 93)) + 58?
0
Calculate 3 + (-91 + (17 - (10 + 0)) - (-2 - -5)).
-84
What is (-12 - (-59 + 12)) + -55?
-20
What is -90 - (-18 - -94) - (-20 - -2)?
-148
-9 + 65 - 13 - (-7 + 14 + -5)
41
What is the value of (-178 - -202) + (3 - (1 - 6))?
32
What is the value of 144 + -67 - 32 - 28?
17
What is 78 + -23 + -75 + 25?
5
What is (63 - (-3 + 4)) + (19 - ((20 - 37) + 22))?
76
106 + (-103 - 31) - (1 + (2 - 0))
-31
What is the value of 4 + -128 - -12 - (32 + -66)?
-78
Calculate -4 + (3 - 1 - ((9 - 24) + 22 + -1)).
-8
What is 21 + -11 + (16 - 18) + 1 + (40 - 2)?
47
Calculate 27 - (-14 + 40) - (-9 + 2 + -2).
10
(-3 - ((10 - 1 - 21) + 2)) + -7
0
What is 59 + -3 + 18 + (-47 - -37)?
64
What is the value of (-61 - (-22 + 24)) + -31?
-94
-9 + (-15 - (2 + -24)) + 36 + -8
26
Evaluate -1358 + 1356 - ((3 - (2 - -4)) + 66).
-65
Calculate 601 + -561 + (4 - -5).
49
Calculate (1 - 86) + (-5 + (12 - 32 - -23) - -6).
-81
Calculate 1 + -12 - 0 - ((-109 - -12) + 47).
39
Calculate 63 + -26 + -13 + 2 + 103 + -124.
5
What is 10 + -1 - -1 - (-35 + -17 - -105)?
-43
What is the value of 20 + (12 - (35 - 16)) - (10 - -4)?
-1
-6 + -18 + 46 + -35 - (-76 - 1)
64
What is the value of 18 - (1 - -3) - (-47 + (20 - 11))?
52
What is -15 + (33 - 12) + -4 - 20?
-18
Evaluate 81 + ((86 - 105) + 2 + 13 - -23).
100
What is 1 + 50 - (-5766 + 5802)?
15
-76 + 154 - 127 - 63
-112
What is -31 + 26 + -77 - -23?
-59
Evaluate -37 - (-48 + 66 - 52).
-3
What is 14 - (56 + -21 + -26 - -1)?
4
Evaluate -7 - ((-7 - 35) + -18 + -13).
66
What is 16 + (-113 - (-96 - -38))?
-39
(-8 + -6 - -19) + 7 + -22 + (6 - -2)
-2
Evaluate -171 - (1 + -1 + -815 + 765 - -25).
-146
-9 + 23 + (3 - 2) - 7
8
(33 - 36) + 7 + -18 + 0 - -20 - 95
-89
What is the value of -49 + (11 + -5 - 3) - (-130 - -145)?
-61
What is the value of (-1 + 6 - (-33 + -10 + 44)) + -9 + 1?
-4
-3 + (10 + 28 - -5) - (4 - 0)
36
What is the value of 2 - (-5 - 4) - 4 - ((8 - 22) + 77)?
-56
What is 0 - (5 - 6) - ((14 - 21) + 3 + 11)?
-6
(-3 - 2) + 189 + -157 + -18
9
3 + -21 + (2 - -1 - -3) - (64 + -78)
2
What is the value of -3 - 12 - (26 + -18 - 0 - 14)?
-9
Calculate (25 + -47 - 1) + 65 + 4.
46
Evaluate 6 + (4 - 5) + 71 + (52 - 50).
78
What is the value of -5 - (-2 - -6 - (1 + -51 + -162 + 146))?
-75
What is the value of (35 - 27 - (9 - 25)) + 29?
53
What is -207 - (1045 + -1309) - (1 - -2 - (-1 + 0))?
53
What is the value of 9 + 9 + -5 + 7 + 37 + 32 + -228?
-139
What is 1 + -5 + 3 + -10 + 8 + -14?
-17
Evaluate (11 - -2) + (-9 - -18) + -9 + -1.
12
(3 - 9) + 9 + -3 + (7 - 19) + -18
-30
Calculate -15 - (5 + (10 - (-4 - -21))) - -91.
78
Calculate -727 - -717 - (0 + -53).
43
Evaluate (-54 - (-24 - (11 + -21))) + (6 - (-5 - -7)).
-36
(487 + -276 - 236) + (0 - -124)
99
What is the value of (3 - (27 - (19 + 2))) + (0 - 0 - 58)?
-61
-81 + 75 + 91 - 131
-46
What is the value of -5 + ((-13 + 23 - 6) + -7 - (3 + -13))?
2
(17 - 44 - -12 - 2) + 12
-5
What is the value of -7 - (-7 + (1 - -1)) - (6 + -6 - -10)?
-12
Calculate (-105 - -175) + -136 - -6.
-60
What is -3 + -7 + (-23 - (-9 + 10 - -8 - -4))?
-46
Calculate 8 + -11 - ((8 - 6) + -9).
4
(-25 - -51) + -20 + -70 + -41
-105
Evaluate (-24 - (-22 - -3)) + 4 + 1 + (-31 - 6).
-37
Calculate 0 + -6 - -2 - -18 - (135 - 149).
28
Evaluate -2 + (29 + -32 - (0 - (4 - (-4 + 9)))).
-6
Evaluate 5 - ((14 - (-28 - -39) - (-2 - -29)) + -5).
34
-17 + 5 + 41 + 8 + (3 - 5)
35
(291 - 222) + 20 - (8 + 1 + (1 - 2))
81
What is 4 + (3 - 2) + 12 - (-1945 + 1935)?
27
Evaluate 4 - ((2 - (-10 + 9 + -3)) + -17 + 27).
-12
What is the value of -5 + 22 + 51 + (-8 - (-9 - -5))?
64
What is -22 - -162 - (-2 + 67)?
75
Calculate (-1 - (-3 + -1 + 13)) + -1286 + 1184 + -8.
-120
29 - (5 + (-2 + -2 - 15))
43
-89 + 32 - 9 - (-37 - -41 - (1 - -9))
-60
What is the value of (-24 - -8 - -6) + (3 - 7) + (13 - 9)?
-10
What is the value of -19 + (3 - -34 - (-129 - -51))?
96
What is -137 + -74 + 165 + -4?
-50
Evaluate (1 + -15 - -47) + (-3 + -1 - 10).
19
What is -31 - (-27 + 8 + (-13 - 7))?
8
Calculate (20 - (107 - 60)) + -16.
-43
What is (86 - (239 + -153)) + (2 - 27)?
-25
Calculate (52 - 71) + 26 - ((0 - -6) + -4).
5
Evaluate -65 - (9 - (59 - 75 - (-4 + -18))).
-68
What is -19 + -1 - ((-7 - 59) + -2)?
48
Calculate (-1 - 22 - (-46 + 72)) + -18.
-67
What is the value of (-10 - (3 - 6)) + -6 + 10 - 44?
-47
What is -37 + 135 + -50 + 16?
64
What is 48 + 3 + (0 - -2) + -17?
36
What is -139 + (64 - 2) - -16?
-61
Evaluate -6 - (93 + (10 - 5) + -16 + 13 + -3).
-98
-20 - -227 - 156 - -14
65
What is (16 + -2 + -14 - 4) + 5 + 29?
30
What is 14 + -1 + (-202 - -149) + (14 - (10 + -7))?
-29
What is 51 + (-12 - 34 - -26)?
31
What is the value of (11 + -6 - -14) + 41 + 32 + -9?
83
Evaluate -37 - -6 - -1 - (713 - 726).
-17
Evaluate 6 - 69 - (-6 + (-29 - -19)).
-47
What is -29 + 9 + 12 + 45 + 9?
46
What is the value of (25 - (24 + -10) - (28 + -3)) + 72?
58
(-19 - 0) + (101 - 107 - 24)
-49
Calculate 175 + -94 - 61 - -30.
50
What is -172 - (-579 - -388) - (61 - 1)?
-41
Calculate -12 + (52 - (2 - (12 - -4))).
54
(41 - 23) + -13 + -3 + (20 - 3) + -10
9
Evaluate -6 + -11 + (6 - 1) + -13 + 3 + 49.
27
(-56 - 1) + (-406 - -393) - (-3 - (1 - -4))
-62
-2 + 38 + (543 - 506) - (-1 - (-11 + 0))
63
What is 20 + (-29 - 115) + 91?
-33
What is (0 - 22) + (188 - 158) + (-1 - 18)?
-11
What is -38 - (18 - (12 - (4 + (1 - 5))))?
-44
What is 22 + -63 + 80 + -53?
-14
What is the value of -55 + (21 - (-4 + (2 - -7) + 2))?
-41
Evaluate -73 - -115 - 103 - -44.
-17
-19 + (-14 - (-8 - -16) - -20)
-21
What is the value of (2 - -27) + (-613 - -582)?
-2
Evaluate -34 + 44 + 101 + (-58 - -33).
86
What is 20 - 26 - (-9 + (2 - 1) + 0 + 57)?
-55
What is the value of (-4 - (26 - 53 - -25)) + 1?
-1
Calculate 8 + (-11 - (-11 + (30 - 20))).
-2
Calculate -7 - ((22 - (-10 + 17 - -11)) + (51 - -2)).
-64
Calculate (-12 + 0 - (-6121 + 6100)) + (1 - (-85 + 2)).
93
Calculate 48 - 98 - (-32 + 19).
-37
Evaluate (-205 + 109 - -162) + (0 - 4).
62
Calculate 329 + -340 - (0 + 23).
-34
What is -10 + (1 + 14 + (-109 - -105) - 31 - -8)?
-22
Evaluate -66 - (38 - 94) - (0 - (-2 + 2)).
-10
What is the value of (-22 + 70 - -21) + -14?
55
7 - (2 - (-53 + 74))
26
What is the value of 70 + -61 + 5 - (-1 + 2 + 0)?
13
(103 - 73) + -37 - -25
18
Calculate (22 - (1 - 1) - (722 + -712)) + 3.
15
What is the value of -26 - ((-198 - -185) + (6 - 0))?
-19
Evaluate -14 + (-25 - (37 + -34)) + -22.
-64
Evaluate (10 - 89) + (-15 - -80).
-14
What is the value of 13 - ((-6 - ((11 - (4 + -1)) + -8)) + 5)?
14
Evaluate (-7 + (-36 - -42) - 10) + -24.
-35
Evaluate -20 - -146 - (-259 + 346).
39
Evaluate (-6 + 7 - -1) + 67 - (-27 + (43 - 22)).
75
What is the value of 21 - (58 - (33 + 4))?
0
What is the value of 9 + (6 - 5) + 11 + 2 + (122 - 28)?
117
Calculate -13 + 0 + 0 - (864 - 841).
-36
Calculate (-11 - 9) + 7 + 23.
10
Evaluate 4 - (-8 + 39 + (-21 - -8) - -11).
-25
Evaluate (-1 - 106) + -2 + (545 - 535 - (-2 - -17)).
-114
What is 31 + 78 + -35 - 35?
39
Evaluate 65 + 5 + -4 - ((-4 + -19 - -15) + 17).
57
Evaluate -2833 - -2837 - (3 - (4 + 0 + (-3 - 0))).
2
Evaluate 50 - ((7 + 9 + -8 - 17) + 24).
35
Calculate (-41 - (-110 + (33 - 6))) + 7.
49
Evaluate 19 - (-3 - (-1 - 16 - -7)).
12
(-43 - 0 - (720 + -743)) + 17 + -1
-4
Calculate (81 + -90 - 84) + 57.
-36
47 - (10 + -5 + (6 - 13) + (25 - 16))